 - 947*r + 3817. Give h(4).
4141
Let m(q) = -q**3 - 15*q**2 + 141*q + 1259. Give m(-6).
89
Let y(i) = -569*i - 1829. Calculate y(-5).
1016
Let g(t) = t**3 - 230*t**2 - 397*t + 38469. Determine g(231).
123
Let l(g) = 2*g**3 + 90*g**2 - 103*g + 233. What is l(-47)?
-3762
Let r(h) = -h**3 + 9*h**2 - 184*h + 1130. Give r(7).
-60
Let r(w) = 2067*w + 279050. What is r(-135)?
5
Let z(h) = 4*h**2 + 389*h + 16845. What is z(-56)?
7605
Let i(l) = l**2 + 759*l - 1910919. What is i(1054)?
-17
Let c(v) = 2*v**3 + 5*v**2 - 425*v - 4999. Determine c(-13).
-3023
Let a(g) = -16*g**2 + 280*g - 377. Calculate a(16).
7
Let u(s) = -1141*s + 57118. Give u(50).
68
Let o(x) = -564*x**2 - 446684*x + 3170. Give o(-792).
2
Let y(i) = 22*i**2 + 378*i - 1175. Determine y(3).
157
Let g(f) = -f**3 - f**2 + 315*f - 526. Give g(17).
-373
Let o(g) = 350*g + 1655. Determine o(-6).
-445
Let a(t) = -914*t - 7604. Calculate a(-8).
-292
Let j(t) = -4217*t + 12115. Give j(3).
-536
Let g(q) = -8*q**2 + 21*q + 12. Give g(4).
-32
Let n(d) = -7*d**2 + 2956*d - 310013. Determine n(194).
-1
Let x(n) = n**2 - 58268*n - 3441281. Give x(-59).
12
Let y(l) = -18769*l**2 - 168908*l + 108. Give y(-9).
-9
Let c(y) = -26*y**2 - 28*y + 66. Give c(8).
-1822
Let o(n) = n**3 - 187*n**2 + 6823*n + 1355. Give o(50).
5
Let g(a) = -207*a + 19873. Give g(86).
2071
Let r(t) = -t**2 - 29750*t + 595390. Calculate r(20).
-10
Let q(n) = 1113*n - 6422. Calculate q(6).
256
Let b(z) = -z**3 + 88*z**2 - 886*z + 19723. What is b(80)?
43
Let j(r) = 2*r**3 - 47*r**2 + 33*r + 721. What is j(22)?
-5
Let s(f) = -2*f**3 - 331*f**2 + 172*f + 969. Calculate s(-166).
-27
Let s(f) = f**3 - 13*f**2 - 211*f + 1337. What is s(20)?
-83
Let r(x) = -2*x**2 + 152*x - 2606. What is r(48)?
82
Let t(j) = j**3 - 38*j**2 + 15*j - 25. Calculate t(37).
-839
Let h(b) = 633*b**2 - 5*b + 4. What is h(-1)?
642
Let c(g) = -24*g**3 - 743*g**2 - 6*g + 36. What is c(-31)?
1183
Let j(h) = -80308*h - 321233. Give j(-4).
-1
Let i(q) = -1709*q - 15366. Give i(-9).
15
Let b(t) = -9536*t + 9420. Calculate b(1).
-116
Let h(f) = 221732*f - 887007. Determine h(4).
-79
Let q(g) = 2*g**3 + 248*g**2 + 189*g + 1937. Give q(-123).
8948
Let n(o) = 10*o**2 + 2964*o + 23637. Calculate n(-8).
565
Let j(v) = -2*v**2 - 665*v - 42858. Give j(-245).
17
Let p(f) = -26304*f - 841748. Calculate p(-32).
-20
Let n(g) = 3*g**3 + 92*g**2 + 68*g + 5729. Determine n(-32).
-543
Let p(l) = -4*l**3 - 9*l**2 - 811*l - 4878. Give p(-6).
528
Let f(s) = 2*s**3 + 166*s**2 + 153*s + 3. What is f(-82)?
905
Let i(u) = -14480*u + 72349. Determine i(5).
-51
Let t(m) = -m**2 + 423*m - 10329. Give t(26).
-7
Let o(b) = 262*b + 2262. What is o(-9)?
-96
Let g(m) = 36*m**2 - 376*m - 1686. Calculate g(-5).
1094
Let p(m) = -m**3 + 164*m**2 - 6310*m + 364. Calculate p(103).
-2417
Let u(b) = -142*b**2 - 26561*b - 1316. Determine u(-187).
-7
Let f(q) = 2459*q**2 - 390*q. Determine f(0).
0
Let j(s) = 2997*s + 32986. Determine j(-11).
19
Let y(z) = -39*z**3 - 169*z**2 - 40*z - 165. Determine y(-4).
-213
Let n(u) = -21*u**3 + 6*u**2 + 3502*u - 13998. Determine n(4).
-1238
Let z(f) = 109*f**2 - 16022*f + 85. What is z(147)?
232
Let t(c) = 2014*c + 93488. Calculate t(-46).
844
Let c(a) = 14*a**2 - 3052*a + 53. What is c(218)?
53
Let w(l) = 778*l**2 - 6999*l - 12. Calculate w(9).
15
Let c(d) = -2*d**3 + 1530*d**2 + 1535*d - 2348. What is c(766)?
-50
Let j(l) = 663*l + 67885. Give j(-109).
-4382
Let a(t) = -t**3 + 279*t**2 - 1384*t + 78240. Give a(275).
140
Let f(r) = -r**2 - 116*r - 2059. Calculate f(-22).
9
Let w(z) = 25*z + 2584. What is w(-45)?
1459
Let i(z) = z**3 - 1014*z**2 + 161577*z - 7319. What is i(816)?
25
Let q(g) = 23*g**3 + 139*g**2 - 2071*g + 92. Determine q(-13).
-25
Let p(v) = -v**3 + 28*v**2 - 166*v + 2972. Calculate p(26).
8
Let n(h) = -8*h**2 - 671*h - 512. What is n(-83)?
69
Let l(n) = 575*n**2 - 331203*n + 1722. Calculate l(576).
-6
Let q(r) = r**2 - 91*r - 380. Calculate q(101).
630
Let p(l) = 168*l + 12480. Calculate p(-60).
2400
Let c(r) = 3*r**3 + 23*r**2 - 86*r - 672. What is c(-8)?
-48
Let v(t) = 83*t**3 - 420*t**2 + 37*t - 50. Calculate v(5).
10
Let c(w) = -w**3 + 111*w**2 - 814*w - 888. Give c(103).
142
Let o(h) = -133089*h - 3992656. What is o(-30)?
14
Let f(w) = -13662*w**2 + 122964*w - 20. Give f(9).
34
Let r(b) = -5*b**3 + 808*b**2 + 5374*b + 343. What is r(168)?
7
Let f(s) = s**2 - 1545*s + 34962. Determine f(23).
-44
Let i(n) = 2515*n + 233881. Give i(-93).
-14
Let l(s) = -20*s**2 + 41*s + 126. Determine l(-5).
-579
Let g(t) = 20*t**2 + 3115*t - 801. Determine g(-156).
-21
Let b(l) = -1188*l + 87911. Determine b(74).
-1
Let h(v) = v**2 - 383*v - 3041. Calculate h(-8).
87
Let i(d) = -557*d**3 - 4450*d**2 + 65*d + 132. Calculate i(-8).
-4
Let y(i) = 20448*i - 265804. What is y(13)?
20
Let n(w) = 7*w**2 - 2068*w + 152691. Determine n(145).
6
Let b(f) = 1640*f + 9309. Determine b(-5).
1109
Let w(b) = -491*b + 96445. Give w(196).
209
Let m(u) = -228*u - 20772. Give m(-91).
-24
Let a(k) = -5*k**3 + 35*k**2 + 234*k + 174. What is a(14)?
-3410
Let d(g) = g**3 - 29*g**2 + 115*g - 3155. Calculate d(29).
180
Let n(l) = -l**2 + 6024*l + 519263. Calculate n(-85).
-2
Let l(g) = -1313*g**3 - 3937*g**2 + 8*g + 9. What is l(-3)?
3
Let h(f) = 2*f**3 - 129*f + 194. What is h(7)?
-23
Let f(s) = s**2 + 3890*s - 129469. Determine f(33).
-10
Let c(d) = -544*d + 3121. Determine c(4).
945
Let c(y) = -72*y**2 + 1706*y - 4. Calculate c(0).
-4
Let w(n) = 9*n**2 - 5569*n - 28002. What is w(-5)?
68
Let w(m) = -3*m**3 + 213*m**2 + 7*m - 301. What is w(71)?
196
Let q(x) = -10*x**2 + 44*x + 660. Calculate q(-10).
-780
Let b(m) = m**3 - 299*m**2 + 21755*m - 871. Calculate b(174).
-1
Let r(c) = -14*c**3 - 364*c**2 + 230*c + 5980. Determine r(-26).
0
Let i(v) = 26893*v + 53780. Give i(-2).
-6
Let w(s) = s**2 + 145*s + 3733. Calculate w(-30).
283
Let x(l) = -9*l**3 - 4*l**2 - 330*l - 2272. What is x(-7)?
2929
Let m(w) = 80*w**2 + 1283*w + 51. Give m(-16).
3
Let h(c) = -2*c**3 + 220*c**2 + 1150*c - 8. Give h(-5).
-8
Let a(h) = 6*h**3 - 75*h**2 + 158*h - 2323. Give a(13).
238
Let s(z) = -11*z**2 - 34548*z - 206895. Calculate s(-6).
-3
Let g(z) = -4*z - 324. Determine g(12).
-372
Let b(i) = -402*i - 2504. What is b(-6)?
-92
Let n(w) = 136382*w + 2045736. Calculate n(-15).
6
Let z(w) = 529*w**3 - w**2 + 173*w + 173. What is z(-1)?
-530
Let o(h) = 356*h - 1540. Calculate o(3).
-472
Let w(x) = -133*x**2 + 1321*x + 3965. Give w(-3).
-1195
Let v(r) = -1244*r + 4. Give v(0).
4
Let c(y) = -2*y**2 + 222*y + 16095. Calculate c(-50).
-5
Let g(i) = -6*i**2 - 757*i + 1444. What is g(-131)?
-2355
Let l(m) = m**2 + 96*m - 2473. What is l(-119)?
264
Let s(d) = 6*d**3 - 64*d**2 + 1836*d - 13667. What is s(8)?
-3
Let p(t) = -3030*t + 463681. Determine p(153).
91
Let q(t) = -2*t**3 + 113*t**2 - 207*t - 8766. Give q(53).
-74
Let q(w) = -2*w**3 + 1335*w**2 + 562*w + 70743. Give q(668).
-65
Let i(d) = 598*d - 123209. What is i(206)?
-21
Let b(f) = -f**3 + 33*f**2 + 4104*f - 140872. Determine b(35).
318
Let p(x) = -399*x + 4800. Calculate p(11).
411
Let g(j) = -26*j**2 - 1022*j - 10040. Determine g(-19).
-8
Let v(k) = -4*k**3 + 270*k**2 + 2930*k - 302. Give v(77).
6
Let z(c) = c**2 + 13*c - 115. Calculate z(21).
599
Let n(y) = 93655*y - 93664. What is n(1)?
-9
Let p(k) = -482*k**2 + 4352*k - 85. Give p(9).
41
Let p(u) = 338045*u - 3718505. Give p(11).
-10
Let a(r) = -757*r - 55218. Calculate a(-73).
43
Let t(s) = -s**3 - 34*s**2 + 243*s + 155. Give t(-40).
35
Let d(u) = 161*u**3 + 35102*u**2 + 867*u - 1087. Calculate d(-218).
3
Let d(t) = -6*t**3 + 25*t**2 - 29*t + 26. Give d(-6).
2396
Let r(v) = -6*v**3 - 78*v**2 - 3377*v - 43919. What is r(-13)?
-18
Let c(u) = -u**2 - 171*u - 5032. Calculate c(-127).
556
Let b(h) = 4543*h + 22773. Give b(-5).
58
Let o(r) = 22*r**2 + 3952*r - 13529. Determine o(-183).
13
Let g(a) = 8*a**3 + 39*a**2 + 41*a + 149. Determine g(-5).
-81
Let h(t) = -92*t**2 - 12191*t + 24375. What is h(2)?
-375
Let q(i) = 300*i**2 + 4552*i + 825. What is q(-15)?
45
Let k(r) = -r**3 + 255*r**2 - 1745*r + 2281. Determine k(248).
49
Let c(w) = w**3 + 225*w**2 - 1340*w - 59. What is c(6)?
217
Let d(r) = -r**2 + 42*r + 10689. Give d(-84).
105
Let k(w) = 3*w**2 + 1018*w + 6030. Determine k(-6).
30
Let q(r) = -4*r**3 - 97